 86*f + 120. What is y(-15)?
1530
Let w(n) = n**3 + 117*n**2 - 121*n - 391. Calculate w(-118).
-37
Let y(a) = -6465*a - 45293. What is y(-7)?
-38
Let i(u) = u**3 - 639*u**2 + 99817*u + 1905. Calculate i(272).
1
Let u(q) = -q**2 - 77*q - 1117. Calculate u(-42).
353
Let n(z) = 293*z + 3287. Give n(-12).
-229
Let c(r) = -r**3 + 156*r**2 + 323*r - 1080. Calculate c(158).
26
Let r(o) = o**2 - 172*o - 2692. What is r(-14)?
-88
Let o(q) = -1607*q + 91784. Give o(57).
185
Let b(c) = 9466*c + 18146. What is b(-2)?
-786
Let m(y) = -y**3 - 232*y**2 + 22263*y + 111. Determine m(73).
-35
Let l(p) = -1851*p + 27808. Give l(15).
43
Let g(x) = -92*x - 16677. Calculate g(-161).
-1865
Let c(x) = -x**2 - 2194*x + 439. Determine c(0).
439
Let f(d) = -354*d**2 + 135*d - 8. Give f(1).
-227
Let f(z) = -87988*z + 2639637. What is f(30)?
-3
Let g(u) = u**3 - 69*u**2 + 2562*u - 184239. Determine g(70).
1
Let z(v) = 28*v**3 - 5*v**2 + 197*v + 408. What is z(-2)?
-230
Let x(f) = f**2 + 3968*f + 27733. Calculate x(-7).
6
Let j(r) = 2*r**3 - 64*r**2 + 359*r + 37. Calculate j(7).
100
Let u(q) = -77*q**2 + 13642*q - 15822. Calculate u(176).
18
Let d(g) = 186*g**2 + 1727*g - 34. Determine d(-9).
-511
Let h(l) = -86*l + 406. Give h(5).
-24
Let s(n) = -n**3 - 17*n**2 - 921*n - 16889. Determine s(-18).
13
Let o(d) = -1010*d - 8038. Determine o(-8).
42
Let c(p) = -p**3 - 5*p**2 - 86*p - 1372. Calculate c(-10).
-12
Let g(j) = 2095*j + 138316. Give g(-66).
46
Let p(n) = -4*n**3 + 245*n**2 - 2676*n - 128. What is p(47)?
13
Let q(c) = 3*c**3 - 124*c**2 + 7*c - 45. Calculate q(0).
-45
Let a(f) = -414*f**2 - 539861*f - 6521. Give a(-1304).
-1
Let p(o) = -1233*o**2 + 6164*o - 18. Calculate p(5).
-23
Let h(n) = -16*n**3 + 105*n**2 - 1864*n + 13369. What is h(7)?
-22
Let x(c) = -15889*c - 206575. Give x(-13).
-18
Let l(m) = -2*m**3 + 315*m**2 + 26944*m - 1573. Calculate l(219).
-40
Let w(v) = -58676*v**2 - 469405*v + 26. Calculate w(-8).
2
Let h(y) = -y**2 - 81021*y + 891359. Give h(11).
7
Let g(h) = h**2 + 103042*h - 412181. Calculate g(4).
3
Let f(i) = 9211*i - 2238262. Determine f(243).
11
Let m(d) = d**3 - 189*d**2 + 1279*d + 224. Determine m(182).
1134
Let t(w) = w**2 - 12*w - 160. Give t(7).
-195
Let t(i) = i**3 + 11*i**2 - 551*i - 2982. Determine t(-5).
-77
Let v(x) = -2*x**3 - 214*x**2 - 421*x - 91. Give v(-105).
14
Let c(z) = -z**3 - 146*z**2 + 1894*z - 59. Calculate c(12).
-83
Let p(x) = -6*x**2 - 21718*x + 173829. What is p(8)?
-299
Let l(s) = s**3 + 7*s**2 - 189*s + 232. Give l(-18).
70
Let y(a) = 2*a**3 + 35*a**2 - 54*a + 74. Determine y(-19).
17
Let a(y) = -39*y**2 - 351*y - 1417. Give a(-4).
-637
Let c(d) = -433*d**3 - 13853*d**2 + 91*d - 18. What is c(-32)?
142
Let g(d) = 2*d**3 + 1128*d + 2262. Calculate g(-2).
-10
Let t(s) = -82721*s - 496303. Determine t(-6).
23
Let y(n) = 25*n - 978. Determine y(40).
22
Let n(k) = 4*k**2 + 113*k + 238. Give n(-19).
-465
Let p(c) = -2317*c + 13887. What is p(6)?
-15
Let q(w) = 2*w**2 - 3496*w + 1495992. Calculate q(1000).
-8
Let d(n) = 2*n**3 - 22*n**2 - 260*n + 1921. Determine d(6).
1
Let k(s) = s**2 - 180066*s - 12. Determine k(0).
-12
Let w(a) = 695*a**3 + 2086*a**2 - 20*a - 52. What is w(-3)?
17
Let l(d) = -3*d**3 - 48*d**2 + 20*d - 46. What is l(0)?
-46
Let y(k) = 261*k - 723. Give y(-4).
-1767
Let x(t) = 410102*t + 410095. Determine x(-1).
-7
Let i(d) = 4*d**2 + 1373*d + 9112. Give i(-336).
-632
Let t(j) = -j**3 - 38*j**2 + 1148*j + 43831. Give t(-37).
-14
Let b(p) = p**3 - 84*p**2 - 1603*p - 132. What is b(100)?
-432
Let t(f) = -10*f**2 + 431*f + 3945. Calculate t(-9).
-744
Let j(a) = -453*a - 66215. Determine j(-149).
1282
Let s(u) = 3538*u + 180346. Give s(-51).
-92
Let z(r) = 225*r + 2265. Give z(-10).
15
Let l(x) = -x**2 - 303*x - 2869. Determine l(-10).
61
Let o(j) = 6*j**2 + 617*j - 1355. Determine o(-105).
10
Let b(y) = 223131*y - 1115650. Give b(5).
5
Let k(c) = -c**3 - 17*c**2 - 105*c - 3255. Give k(-20).
45
Let q(l) = 66*l**2 + 9054*l + 837. Calculate q(-137).
-807
Let v(o) = 136385*o + 3955174. Give v(-29).
9
Let m(k) = -k**3 - 15*k**2 - 19*k - 32. Calculate m(-13).
-123
Let v(s) = -10*s**2 - 111*s + 90. Determine v(-12).
-18
Let z(c) = 2277*c + 482737. Calculate z(-212).
13
Let l(w) = -w**3 + 60*w**2 - 112*w - 61. Give l(58).
171
Let x(o) = -o**3 - 807*o**2 + 1839*o + 178768. What is x(-809)?
-21
Let r(p) = 5*p**2 - 59*p + 1037. Determine r(17).
1479
Let a(s) = 1624*s - 4919. What is a(3)?
-47
Let x(q) = -1171*q - 2465. Calculate x(-2).
-123
Let h(k) = 7*k**2 + 13*k - 23. Calculate h(-4).
37
Let y(h) = -36*h**2 + 700*h - 3445. What is y(10)?
-45
Let d(c) = c**3 - 15*c**2 - 255*c - 110. Calculate d(-10).
-60
Let b(r) = 4175*r - 54391. Calculate b(13).
-116
Let z(o) = -3*o**3 + 779*o**2 + 258*o + 498. What is z(260)?
-22
Let m(k) = -k**3 + 81*k**2 - 759*k - 63. Give m(70).
707
Let n(w) = w**3 - 131*w**2 - 549*w + 143. Determine n(135).
-1072
Let o(q) = 1067*q - 124785. Calculate o(117).
54
Let k(o) = -o**2 + 10914*o + 328315. Calculate k(-30).
-5
Let f(b) = -b**2 + 85*b + 10861. What is f(155)?
11
Let m(w) = 2*w**3 + 22*w**2 - 461*w - 247. Calculate m(11).
6
Let n(r) = 2*r**3 - 183*r**2 + 4179*r - 84. Determine n(48).
60
Let j(h) = 108056*h + 648332. Give j(-6).
-4
Let t(h) = 2362*h + 1862. What is t(-1)?
-500
Let u(n) = 8552*n - 38. Calculate u(0).
-38
Let b(d) = -35615*d - 498866. Give b(-14).
-256
Let o(j) = -72*j**3 + 45431*j**2 + 630*j + 641. Give o(631).
10
Let s(d) = 18555258*d - 18555254. What is s(1)?
4
Let g(o) = 5*o**3 + 672*o**2 + 250*o + 674. Determine g(-134).
3086
Let u(d) = -650*d + 7509. Determine u(11).
359
Let w(k) = -k**3 - 8*k**2 - 43*k - 160. Calculate w(0).
-160
Let s(x) = -x**3 + 122*x**2 - 51*x + 21391. Calculate s(123).
-11
Let p(w) = -8605*w + 4113190. What is p(478)?
0
Let v(q) = -39*q**2 + 14678*q - 202717. Give v(362).
3
Let t(i) = -301*i + 76759. Calculate t(255).
4
Let k(u) = 2357*u + 181460. Determine k(-77).
-29
Let g(h) = -79819*h + 718357. Give g(9).
-14
Let s(a) = 2*a**2 + 23300*a + 69907. Determine s(-3).
25
Let t(d) = d**3 - 156*d**2 + 314*d + 7. Determine t(2).
19
Let j(g) = 4*g**3 - g**2 - 5*g + 171. Calculate j(-5).
-329
Let h(l) = -5095*l - 412689. Give h(-81).
6
Let k(o) = 994*o**2 + 8948*o + 22. Determine k(-9).
4
Let t(a) = -3241*a - 38933. Give t(-12).
-41
Let m(j) = -113*j - 15872. Calculate m(-141).
61
Let s(q) = -8830*q + 167500. Give s(19).
-270
Let s(x) = 122*x**2 + 3*x - 45. What is s(0)?
-45
Let j(z) = 5075*z + 21084. What is j(-4)?
784
Let u(w) = 19*w**2 - 222*w - 20. What is u(4)?
-604
Let w(b) = b**2 + 8*b - 9594. Determine w(-84).
-3210
Let d(j) = -j**3 + 31*j**2 + 17*j - 2047. What is d(29)?
128
Let x(u) = -2*u**2 + 563*u - 573. What is x(280)?
267
Let o(q) = 30*q**2 - 31*q - 190. What is o(4)?
166
Let c(h) = h**3 - 10*h**2 - 16350*h - 1171. Give c(133).
26
Let o(r) = r**3 + 55*r**2 - 4*r - 4122. Determine o(-54).
-990
Let a(x) = -16*x**3 - 2990*x**2 + 378*x + 747. Give a(-187).
-1
Let i(o) = 869*o - 82586. Calculate i(95).
-31
Let x(n) = 19089*n + 152873. Give x(-8).
161
Let m(x) = 40*x + 1164. Give m(7).
1444
Let p(l) = 24*l**2 - 10635*l - 539996. What is p(-46)?
-2
Let a(r) = 32*r + 2150. What is a(-61)?
198
Let h(u) = -u**3 - 8*u**2 + 22403*u + 134490. What is h(-6)?
0
Let w(b) = 3*b**2 - b - 71. Give w(-23).
1539
Let z(r) = -61*r**2 - 3243*r - 526. Determine z(-53).
4
Let t(r) = 29060*r + 115843. Determine t(-4).
-397
Let v(y) = 35801*y - 930854. Calculate v(26).
-28
Let u(m) = -m**3 - 9*m**2 + 31*m + 478. Determine u(-7).
163
Let h(b) = -3*b**3 - 104*b**2 - 26*b - 2118. Give h(-35).
17
Let o(n) = -2*n**3 - 2*n**2 - 615*n - 126. What is o(0)?
-126
Let d(o) = 1537*o**2 + 13796*o - 304. What is d(-9)?
29
Let m(i) = 473*i - 1595. Calculate m(3).
-176
Let q(w) = -w**3 - 290*w**2 - 274*w + 4290. Determine q(-289).
-45
Let m(n) = 790*n + 13239. Calculate m(-15).
1389
Let f(g) = -17*g**3 - 18*g**2 - 6*g - 6. Give f(-5).
1699
Let f(q) = 67529*q - 135057. What is f(2)?
1
Let o(b) = 2*b**3 + 159*b**2 + 918*b + 53353. What is o(-78)?
1
Let d(a) = 121407*a + 607071. What is d(-5)?
36
Let n(z) = -135*z - 2161. Determine n(4).
-2701
Let b(j) = 346*j - 18089. Determine b(52).
-97
Let f(o) = -2551*o + 201520. What is f(79)?
-9
Let c(x) = 2*x**3 - 302*x**2 - 237*x - 10